ime factors of 61215?
3, 5, 7, 11, 53
List the prime factors of 9617362.
2, 479, 10039
List the prime factors of 404375.
5, 647
List the prime factors of 1460466.
2, 3, 7, 67, 173
What are the prime factors of 25503?
3, 8501
List the prime factors of 1082303.
31, 34913
List the prime factors of 759983.
7, 151, 719
What are the prime factors of 60422?
2, 30211
List the prime factors of 1251981.
3, 139109
What are the prime factors of 19168374?
2, 3, 193, 16553
What are the prime factors of 6989660?
2, 5, 349483
What are the prime factors of 2737584?
2, 3, 6337
List the prime factors of 90705.
3, 5, 6047
What are the prime factors of 81633?
3, 27211
What are the prime factors of 300241?
113, 2657
List the prime factors of 2118075.
3, 5, 31, 911
List the prime factors of 120614.
2, 13, 4639
What are the prime factors of 1227666?
2, 3, 11, 19, 89
List the prime factors of 31308949.
7, 107, 41801
List the prime factors of 9762564.
2, 3, 7, 16603
List the prime factors of 6219380.
2, 5, 310969
List the prime factors of 232271.
13, 17, 1051
List the prime factors of 1942172.
2, 485543
What are the prime factors of 1372670?
2, 5, 13, 10559
List the prime factors of 1006241.
1006241
List the prime factors of 211885.
5, 31, 1367
List the prime factors of 41992.
2, 29, 181
List the prime factors of 673605.
3, 5, 14969
List the prime factors of 156941.
156941
What are the prime factors of 10068684?
2, 3, 29, 28933
List the prime factors of 89991.
3, 11, 101
What are the prime factors of 237299?
359, 661
What are the prime factors of 202974?
2, 3, 33829
List the prime factors of 273120.
2, 3, 5, 569
List the prime factors of 7069093.
17, 631, 659
What are the prime factors of 1275887?
149, 8563
List the prime factors of 89303.
89303
What are the prime factors of 68538?
2, 3, 11423
List the prime factors of 11045856.
2, 3, 115061
What are the prime factors of 213835?
5, 42767
List the prime factors of 196317.
3, 11, 661
What are the prime factors of 3992957?
449, 8893
What are the prime factors of 13279959?
3, 7, 11, 19163
What are the prime factors of 208820?
2, 5, 53, 197
What are the prime factors of 282658?
2, 31, 47, 97
List the prime factors of 7511117.
47, 159811
What are the prime factors of 1418829?
3, 313, 1511
What are the prime factors of 4445710?
2, 5, 31, 14341
List the prime factors of 176041.
176041
List the prime factors of 7413709.
107, 193, 359
What are the prime factors of 523620?
2, 3, 5, 2909
What are the prime factors of 23381134?
2, 7, 19, 29, 433
List the prime factors of 651533.
37, 17609
List the prime factors of 1067250.
2, 3, 5, 1423
What are the prime factors of 158840?
2, 5, 11, 19
What are the prime factors of 97155?
3, 5, 17, 127
List the prime factors of 1547108.
2, 386777
What are the prime factors of 893734?
2, 23, 19429
List the prime factors of 5368095.
3, 5, 119291
List the prime factors of 39655886.
2, 569, 34847
List the prime factors of 27134691.
3, 29, 61, 5113
List the prime factors of 9766053.
3, 11, 23, 4289
What are the prime factors of 8872534?
2, 11, 43, 83, 113
What are the prime factors of 9662952?
2, 3, 13, 30971
List the prime factors of 2754653.
11, 250423
List the prime factors of 11190148.
2, 17, 43, 89
List the prime factors of 10597718.
2, 701, 7559
List the prime factors of 4485649.
7, 211, 3037
List the prime factors of 25197.
3, 37, 227
List the prime factors of 59647.
7, 8521
List the prime factors of 4383273.
3, 1461091
What are the prime factors of 8198172?
2, 3, 25303
What are the prime factors of 469591?
17, 23, 1201
List the prime factors of 1557946.
2, 13, 59921
What are the prime factors of 22717975?
5, 7, 43, 3019
List the prime factors of 2493163.
59, 42257
What are the prime factors of 665186?
2, 37, 89, 101
What are the prime factors of 20984820?
2, 3, 5, 53, 6599
List the prime factors of 17219568.
2, 3, 61, 5881
List the prime factors of 5176936.
2, 647117
What are the prime factors of 1184850?
2, 3, 5, 2633
What are the prime factors of 1425867?
3, 475289
List the prime factors of 1542024.
2, 3, 11, 59
List the prime factors of 1830817.
1830817
List the prime factors of 3921010.
2, 5, 392101
List the prime factors of 758463.
3, 37, 6833
What are the prime factors of 2512373?
607, 4139
What are the prime factors of 5430511?
29, 199, 941
List the prime factors of 152604.
2, 3, 157
List the prime factors of 147596.
2, 36899
List the prime factors of 13283265.
3, 5, 885551
What are the prime factors of 109305?
3, 5, 7, 347
List the prime factors of 3478291.
79, 44029
What are the prime factors of 1484452?
2, 29, 67, 191
List the prime factors of 414315.
3, 5, 11, 31
List the prime factors of 270352.
2, 61, 277
List the prime factors of 5841824.
2, 311, 587
What are the prime factors of 247023?
3, 7, 1307
List the prime factors of 38152.
2, 19, 251
List the prime factors of 22827106.
2, 11413553
What are the prime factors of 198429?
3, 7, 11, 859
What are the prime factors of 658932?
2, 3, 43, 1277
List the prime factors of 61463.
61463
List the prime factors of 265576.
2, 89, 373
What are the prime factors of 168347?
168347
List the prime factors of 11858298.
2, 3, 1976383
What are the prime factors of 939140?
2, 5, 46957
List the prime factors of 10252238.
2, 521, 9839
What are the prime factors of 1044442?
2, 7, 61, 1223
List the prime factors of 30462.
2, 3, 5077
List the prime factors of 678974.
2, 193, 1759
List the prime factors of 3801869.
3801869
What are the prime factors of 1873439?
631, 2969
What are the prime factors of 13317054?
2, 3, 67, 157, 211
List the prime factors of 146383.
146383
List the prime factors of 229273.
11, 19, 1097
List the prime factors of 2138975.
5, 67, 1277
List the prime factors of 3724111.
61, 61051
List the prime factors of 1976178.
2, 3, 317, 1039
List the prime factors of 1080074.
2, 19, 43, 661
List the prime factors of 353571.
3, 19, 6203
List the prime factors of 182824.
2, 22853
What are the prime factors of 696136?
2, 7, 31, 401
List the prime factors of 655123.
7, 31, 3019
List the prime factors of 9377247.
3, 11, 284159
What are the prime factors of 798629?
13, 23, 2671
What are the prime factors of 64162?
2, 7, 4583
List the prime factors of 377227.
233, 1619
List the prime factors of 4442535.
3, 5, 269, 367
What are the prime factors of 2497807?
13, 271, 709
List the prime factors of 115849.
115849
What are the prime factors of 396638?
2, 11, 149
What are the prime factors of 126767?
109, 1163
List the prime factors of 334026.
2, 3, 7, 11, 241
What are the prime factors of 5577305?
5, 521, 2141
What are the prime factors of 14895707?
14895707
List the prime factors of 1746152.
2, 167, 1307
List the prime factors of 4875258.
2, 3, 53, 15331
List the prime factors of 826487.
211, 3917
List the prime factors of 7472839.
11, 151, 409
List the prime factors of 207169.
207169
What are the prime factors of 77080?
2, 5, 41, 47
What are the prime factors of 2871495?
3, 5, 11, 5801
What are the prime factors of 14494739?
7, 19, 15569
List the prime factors of 40196.
2, 13, 773
What are the prime factors of 786415?
5, 7, 22469
List the prime factors of 3417984.
2, 3, 23, 43
What are the prime factors of 1687139?
1687139
List the prime factors of 1547705.
5, 309541
What are the prime factors of 63170?
2, 5, 6317
What are the prime factors of 15438753?
3, 11, 14177
What are the prime factors of 145806?
2, 3, 19, 1279
What are the prime factors of 89995?
5, 41, 439
What are the prime factors of 10823?
79, 137
What are the prime factors of 203471?
19, 10709
List the prime factors of 312857.
312857
List the prime factors of 1040164.
2, 443, 587
What are the prime factors of 122012?
2, 11, 47, 59
What are the prime factors of 107296?
2, 7, 479
What are the prime factors of 665020?
2, 5, 41, 811
What are the prime factors of 405876?
2, 3, 149, 227
What are the prime factors of 142269?
3, 47, 1009
List the prime factors of 1163281.
7, 166183
List the prime factors of 169124.
2, 42281
What are the prime factors of 1453488?
2, 3, 107, 283
What are the prime factors of 145570?
2, 5, 14557
What are the prime factors of 2299556?
2, 7, 17, 4831
List the prime factors of 105740.
2, 5, 17, 311
List the prime factors of 136274.
2, 61, 1117
What are the prime f